36 = 0, 0*g + 3*g = -2*l - 47. Let n = 62 + l. Is n a composite number?
False
Let s = -17 + 280. Is s a composite number?
False
Let c(w) = -w. Let b be c(0). Suppose 5*k - 87 = -b*k - m, -k - 4*m + 25 = 0. Suppose 0 = 4*n - k - 107. Is n composite?
False
Suppose -4*a + 8 = 24. Is a - ((2 - 96) + -1) a prime number?
False
Let f = -573 + 257. Is f/(-2)*(-3)/(-6) composite?
False
Let v(f) = 3*f**2 + 3*f - 5. Is v(-10) prime?
False
Let l(z) = -2*z. Let o be l(6). Is (-1011)/(-4) + (-3)/o prime?
False
Let k(o) = -10*o - 4. Let u be k(-3). Let f = 57 - u. Is f a prime number?
True
Let c(a) = a**2 - 6*a + 5. Let m be c(5). Let w be m/(4/(-6)*-3). Suppose 5*l - 5*k = 380, -2*k + w = -2. Is l a prime number?
False
Let u(p) be the second derivative of 45*p**3 + p**2/2 - 5*p. Is u(2) composite?
False
Is (-4)/(-1) + -8 + 1263 prime?
True
Let y = 109 + 252. Let l be y/5 + (-1)/5. Let q = l + -51. Is q composite?
True
Is 4/(-10)*345/(-3) a composite number?
True
Let r(i) = -199*i + 12. Is r(-5) a prime number?
False
Let m(l) = 43*l**2 + 15*l - 29. Is m(8) a composite number?
False
Let u be 2/((-1)/(9/(-6))). Let f be (1 + u)*(-1 - -2). Suppose 2*z + f = 0, -4*p + 2*p = 2*z - 102. Is p a prime number?
True
Let p be 4/((0 + -2)*-1). Let j(n) be the first derivative of 10*n**2 - 3*n - 1. Is j(p) composite?
False
Let v(g) = -545*g - 3. Is v(-2) a composite number?
False
Let k = -20 - -17. Is k + (-3)/(6/(-328)) composite?
True
Suppose -28 = 2*b + 724. Let h = 867 + b. Is h a prime number?
True
Let p(b) = 32*b**2 + 8*b - 11. Is p(-8) prime?
True
Suppose -35*l + 40*l - 10405 = 0. Is l a composite number?
False
Is -1 - (-4)/(990/(-496) + 2) composite?
False
Suppose -x = 22 + 18. Let t = x - -279. Is t a composite number?
False
Suppose -5*q = 5*s - s - 22, -5*q = -10. Suppose -s = -4*t + t. Is -83*(t - (1 - -1)) a composite number?
False
Let b(v) = -v**2 - 6*v + 8. Let s be b(-8). Let m be (-2)/(-5) + 223/5. Let i = s + m. Is i composite?
False
Let v(u) = 23*u**2 - u - 1. Let w be 2 - (0 - (1 + 2)). Let s be v(w). Suppose 0*g = g - 4*h - 121, -2*h - s = -5*g. Is g a composite number?
False
Let k(c) = 3*c + 16*c**2 + 1 - 8*c**2 - c. Is k(2) composite?
False
Let h = 13 - 11. Suppose 802 = h*t - 0*t. Is t composite?
False
Let b(f) = f**2 + f + 10. Let z be b(9). Suppose -2*s = -5*t - 427, s - t - 112 = z. Is s a composite number?
False
Let f(b) = 12*b**2 - b + 2. Let s(d) = -d**3 + 2*d**2. Let z be s(2). Suppose -4*y - 13 + 1 = z. Is f(y) composite?
False
Let n = -3 - -7. Suppose -t = n*z - 3*t - 498, -z + t = -122. Is z a composite number?
False
Suppose -6*b - 360 = -b. Let z(l) = -l**2 + 6*l - 5. Let v be z(4). Is 1 - 2*b/v a composite number?
True
Is ((-2)/(-6))/((6/(-20106))/(-1)) prime?
True
Let j(l) = -83*l - 3. Let g be j(-2). Suppose 5*d - 337 = -4*y, -3*d - g = -2*y - 0*y. Let f = y - 50. Is f prime?
False
Suppose 0 = 4*a - 396 - 352. Is a a prime number?
False
Let f(y) = 2*y - 1 + 9*y - 4 + 13*y. Is f(7) a prime number?
True
Let t be ((-15)/6)/(1/(-8)). Is (-4)/t + (-592)/(-10) a composite number?
False
Let j(t) = -245*t + 1. Let v be j(-3). Suppose -2*k + v = -5*p, -6*p - 373 = -k - p. Is ((k/(-1))/(-3))/1 a prime number?
False
Let s = 54 + -99. Let o = s - -82. Is o a composite number?
False
Let t = 235 - 144. Is t composite?
True
Suppose -4*g = g - 15. Suppose 7*c = 3*i + 2*c - 277, c + 269 = g*i. Is i prime?
True
Suppose -t + 97 = 3*a - 210, -1292 = -4*t + 4*a. Is t a composite number?
True
Suppose 5*c - 443 = -k, 4*c - 546 + 197 = k. Suppose -2*t + c + 84 = 0. Suppose -3*b + t = -7. Is b a composite number?
False
Suppose -2*d + 11 = -9. Let o(z) = z**3 - 2. Let y be o(3). Let v = y - d. Is v composite?
True
Suppose 0 = 2*s - j - 1697, 5*j - 26 = -1. Is s a composite number?
True
Suppose 0*d = 3*d - 2991. Is d prime?
True
Suppose 0 = -g - 3*g + 2716. Is g prime?
False
Suppose -f + 1539 = -4*y, 0 = -4*f + 3*y - 0*y + 6169. Is f a prime number?
True
Suppose 3*k - 2*k + 4 = 0. Is (785 - k)*(-2 + 3) composite?
True
Suppose 5*o - 345 = -0*o. Is o a composite number?
True
Suppose 2*o = 2*y - 84, 2*y - 101 + 17 = -3*o. Let k = 23 + y. Is k composite?
True
Let o(u) = -6*u + 5. Let s(m) = -m**2 - 6*m + 4. Let t(l) = 2*o(l) - 3*s(l). Is t(-9) prime?
False
Let y(j) = -3*j - 7. Let u be y(8). Is u/(-1*(-4)/(-4)) a composite number?
False
Suppose 3*w = -2*x - 26, -8*w + 5*x = -3*w + 10. Suppose 2*i = 2*m - 44, -m + 119 - 17 = -5*i. Is 102*(i/w - 3) a prime number?
False
Let l(a) = -a**2 + 3*a + 1. Let j be l(4). Let u = j - -5. Suppose u*t - 103 = -17. Is t composite?
False
Let n = 12 + -9. Suppose 45 = 3*s - 4*g, -2*g = 2*s + n*g - 53. Is s a composite number?
False
Let w = 0 + 4. Suppose h + y - 90 - w = 0, -5*y = h - 114. Is h a prime number?
True
Let o(a) be the second derivative of a**6/180 - a**5/30 + a**4/24 + a**3/3 - a. Let q(k) be the second derivative of o(k). Is q(-4) prime?
False
Let i be 0 + 2*(-4)/(-2). Suppose i = v + v. Suppose -2*o - 3*c + 322 = 0, -o - v*o + c + 483 = 0. Is o a prime number?
False
Let t be 1*(2 + -2) - -1. Suppose 20 = q - t. Is q prime?
False
Let u(z) = 18*z**2 - 6*z + 11. Let j be u(5). Suppose 0 = -4*n + 3*i + 583, -j = -n - 2*n - 4*i. Is n prime?
False
Let j(k) = -9*k**2 + k - 3. Let y(q) = 14*q**2 - 2*q + 5. Let a(v) = -8*j(v) - 5*y(v). Is a(-3) prime?
True
Let c(a) = 77*a - 2. Let w be c(3). Suppose -3*q + 2*s = q - 312, -3*q + 4*s + w = 0. Is q a composite number?
False
Let j be 19 - 1/(3/6). Let f = 12 - j. Is (-486)/f - 6/30 a prime number?
True
Let n(v) = -513*v - 3. Let p be n(1). Let d = 261 - 518. Let o = d - p. Is o a prime number?
False
Is 4*(-3)/(-12) + 118 composite?
True
Let r(u) = 121*u**2 - 7*u - 9. Is r(-3) prime?
False
Let x = 486 - 164. Suppose -4*l = -2*l - x. Is l a prime number?
False
Let g(v) = v**3 - 3*v**2 - 2*v - 3. Let p be g(5). Let c = 1 - -1. Is p/1 - 4/c composite?
True
Let m = 284 + -145. Is m a prime number?
True
Suppose -g = d - 155, 0*g = 2*g - 4*d - 310. Suppose 0 = -4*c - 3*t + 293, 0 = 5*c + 2*t - g - 220. Is c a prime number?
False
Suppose -5*x = 4*i - 953, -3*i - 2*x - 20 = -733. Is i a composite number?
True
Let m(b) = 1. Let o(y) = 5*y**2 - 2*y - 2. Let j(d) = -3*m(d) + o(d). Is j(-6) composite?
True
Let u be (-27)/(-4)*8/3. Suppose -2*q + 0*q = -u. Is q composite?
True
Suppose 0 = -6*d + 1563 + 675. Is d composite?
False
Suppose 5 = -3*b - 5*k + 1, 5*b - 2*k = 14. Let u(i) = -5 - i**2 + 2*i - i + 2*i**b. Is u(-5) a composite number?
True
Suppose -3*j = 9, 2*u - j - 2664 = -u. Is (-12)/(-42) - u/(-7) composite?
False
Let p = 5165 + -3620. Suppose -4*q - 373 = -p. Is q a composite number?
False
Let w = -86 - -35. Let f = w + 106. Is f a prime number?
False
Let d(i) = i**2 + 6*i - 3. Let l be d(-5). Let s = 10 + l. Suppose -2*o + 764 = s*o. Is o composite?
False
Suppose 0 = -4*g + g + 3*t - 36, -16 = -4*t. Let b = g + 57. Is b prime?
False
Let x(m) = -m**3 - 13*m**2 + 12*m - 10. Let w be x(-13). Let n = w + 257. Is n prime?
False
Let n be 11 + (-1 - (-1 - 0)). Suppose 1876 = -n*r + 15*r. Is r a composite number?
True
Let p = -497 + -16. Let x = p + 1100. Is x a composite number?
False
Let f = 360 + -197. Is f a prime number?
True
Let f(m) = 2*m - 10*m - m**2 + 0*m + 3. Let a be f(-8). Suppose a*l = 2*l + 37. Is l a composite number?
False
Suppose 5*k - 187 = -4*u, -k - 142 = -3*u + 22. Is u a composite number?
False
Let p(x) = -x + 243. Let d be p(0). Let z = -80 + d. Is z a composite number?
False
Let d(q) = 1 + 0*q**2 + 3*q + 0*q**2 - q**2 + 0*q**3 - q**3. Let c(g) = -g**2 - g + 2. Let i be c(-3). Is d(i) a composite number?
False
Suppose 6*v - 2*v - 1272 = 0. Let s = v - 191. Is s a prime number?
True
Let i = -42 + 293. Is i prime?
True
Let w(j) = -j**2 - 7*j - 2. Suppose -2*q = -11 - 5. Suppose -2*a + 0*a = q. Is w(a) a composite number?
True
Let s be ((-1)/2*0)/(-1). Let p(l) = l**3 + l**2 + l + 211. Is p(s) prime?
True
Suppose 6918 = 8*w - 8146. Is w composite?
True
Suppose 0*p - 10505 = -11*p. Is p prime?
False
Suppose -v - 705 = -5*l + 3*v, -5*v = l - 170. Is l a composite number?
True
Let r(n) = -n + 21. Let q be r(9). Is (1316/q)/((-3)/(-9)) a prime number?
False
Suppose -4*k + 5*c + 10 = 0, 5*c + 4 = -6. Suppose -5*a - b + 25 = 2*b, 4*b = k. Suppose -130 = -2*p - s, -4*p +